the remainder when 4128 is divided by 118.
116
Calculate the remainder when 13433 is divided by 558.
41
Calculate the remainder when 39062 is divided by 542.
38
Calculate the remainder when 319 is divided by 195.
124
What is the remainder when 62207 is divided by 203?
89
What is the remainder when 1424650 is divided by 227?
225
Calculate the remainder when 12048 is divided by 90.
78
What is the remainder when 11027 is divided by 403?
146
What is the remainder when 9200 is divided by 6?
2
What is the remainder when 46896 is divided by 23442?
12
Calculate the remainder when 20982 is divided by 3243.
1524
What is the remainder when 20282 is divided by 120?
2
Calculate the remainder when 246507 is divided by 1826.
1823
Calculate the remainder when 62681 is divided by 3.
2
What is the remainder when 15147 is divided by 5031?
54
Calculate the remainder when 9341 is divided by 223.
198
Calculate the remainder when 6655 is divided by 310.
145
Calculate the remainder when 146970 is divided by 412.
298
Calculate the remainder when 3137 is divided by 539.
442
What is the remainder when 82648 is divided by 85?
28
What is the remainder when 11908 is divided by 212?
36
Calculate the remainder when 12494 is divided by 4136.
86
What is the remainder when 6569 is divided by 2174?
47
What is the remainder when 19496 is divided by 675?
596
What is the remainder when 3439007 is divided by 72?
71
Calculate the remainder when 165590 is divided by 56.
54
Calculate the remainder when 2391 is divided by 2186.
205
What is the remainder when 938690 is divided by 71?
70
Calculate the remainder when 13713 is divided by 4563.
24
What is the remainder when 66019 is divided by 13199?
24
Calculate the remainder when 250 is divided by 51.
46
Calculate the remainder when 5759 is divided by 54.
35
Calculate the remainder when 4845 is divided by 67.
21
What is the remainder when 211979 is divided by 10?
9
What is the remainder when 713 is divided by 362?
351
Calculate the remainder when 1050 is divided by 89.
71
What is the remainder when 22091 is divided by 1056?
971
What is the remainder when 256198 is divided by 11?
8
Calculate the remainder when 11946 is divided by 8.
2
Calculate the remainder when 520217 is divided by 32.
25
What is the remainder when 412 is divided by 26?
22
Calculate the remainder when 19198 is divided by 1130.
1118
What is the remainder when 18456 is divided by 142?
138
What is the remainder when 17881 is divided by 293?
8
What is the remainder when 13906 is divided by 557?
538
What is the remainder when 7594 is divided by 80?
74
What is the remainder when 2317 is divided by 446?
87
Calculate the remainder when 115487 is divided by 32.
31
What is the remainder when 63339 is divided by 1623?
42
Calculate the remainder when 4206 is divided by 86.
78
Calculate the remainder when 198 is divided by 146.
52
Calculate the remainder when 90274 is divided by 25.
24
Calculate the remainder when 131988 is divided by 143.
142
Calculate the remainder when 20150 is divided by 8.
6
Calculate the remainder when 287197 is divided by 906.
901
What is the remainder when 738051 is divided by 131?
128
Calculate the remainder when 84770 is divided by 86.
60
What is the remainder when 3489 is divided by 838?
137
What is the remainder when 57025 is divided by 203?
185
What is the remainder when 20866 is divided by 18?
4
Calculate the remainder when 762203 is divided by 12.
11
Calculate the remainder when 5026 is divided by 197.
101
Calculate the remainder when 479318 is divided by 239650.
18
Calculate the remainder when 19000 is divided by 1059.
997
What is the remainder when 84107 is divided by 94?
71
Calculate the remainder when 1835 is divided by 1802.
33
Calculate the remainder when 7404 is divided by 2327.
423
What is the remainder when 21489 is divided by 3053?
118
What is the remainder when 6237 is divided by 174?
147
What is the remainder when 153436 is divided by 16?
12
What is the remainder when 294 is divided by 28?
14
What is the remainder when 354754 is divided by 51?
49
What is the remainder when 1298 is divided by 567?
164
What is the remainder when 14754 is divided by 164?
158
What is the remainder when 5904 is divided by 255?
39
What is the remainder when 129127 is divided by 191?
11
What is the remainder when 1087 is divided by 17?
16
What is the remainder when 357 is divided by 204?
153
Calculate the remainder when 213166 is divided by 53274.
70
Calculate the remainder when 67714 is divided by 49.
45
Calculate the remainder when 338190 is divided by 76.
66
What is the remainder when 52122 is divided by 144?
138
Calculate the remainder when 36722 is divided by 7342.
12
Calculate the remainder when 52493 is divided by 17.
14
What is the remainder when 29323 is divided by 425?
423
Calculate the remainder when 1699 is divided by 527.
118
What is the remainder when 184313 is divided by 576?
569
What is the remainder when 1737 is divided by 125?
112
What is the remainder when 31292 is divided by 16?
12
Calculate the remainder when 40393 is divided by 2242.
37
What is the remainder when 520126 is divided by 288?
286
What is the remainder when 25783 is divided by 5?
3
Calculate the remainder when 1614562 is divided by 485.
482
Calculate the remainder when 421890 is divided by 302.
298
Calculate the remainder when 667662 is divided by 13.
8
Calculate the remainder when 13486 is divided by 339.
265
What is the remainder when 6339 is divided by 1052?
27
Calculate the remainder when 7847 is divided by 231.
224
What is the remainder when 112286 is divided by 928?
926
Calculate the remainder when 20659 is divided by 14.
9
What is the remainder when 83958 is divided by 26?
4
Calculate the remainder when 115726 is divided by 9.
4
What is the remainder when 25161 is divided by 23?
22
What is the remainder when 8216 is divided by 14?
12
What is the remainder when 280701 is divided by 68?
65
What is the remainder when 420458 is divided by 783?
770
What is the remainder when 46302 is divided by 2712?
198
What is the remainder when 5398 is divided by 360?
358
Calculate the remainder when 85948 is divided by 143.
5
What is the remainder when 24073 is divided by 2188?
5
What is the remainder when 9671 is divided by 510?
491
Calculate the remainder when 788631 is divided by 18.
15
Calculate the remainder when 10620 is divided by 4564.
1492
What is the remainder when 453 is divided by 214?
25
Calculate the remainder when 900 is divided by 11.
9
What is the remainder when 12174 is divided by 196?
22
Calculate the remainder when 252349 is divided by 90.
79
Calculate the remainder when 1193 is divided by 415.
363
What is the remainder when 25190 is divided by 25190?
0
What is the remainder when 1394 is divided by 126?
8
Calculate the remainder when 1730683 is divided by 935.
933
What is the remainder when 6250 is divided by 201?
19
Calculate the remainder when 133571 is divided by 47.
44
Calculate the remainder when 607616 is divided by 138.
2
Calculate the remainder when 4978 is divided by 684.
190
What is the remainder when 1196 is divided by 22?
8
What is the remainder when 9517 is divided by 23?
18
Calculate the remainder when 154314 is divided by 131.
127
Calculate the remainder when 4340871 is divided by 451.
447
Calculate the remainder when 24800 is divided by 322.
6
Calculate the remainder when 105029 is divided by 54.
53
What is the remainder when 29078 is divided by 20?
18
Calculate the remainder when 16901 is divided by 445.
436
What is the remainder when 52454 is divided by 2?
0
Calculate the remainder when 151959 is divided by 145.
144
What is the remainder when 46685 is divided by 14?
9
Calculate the remainder when 35073 is divided by 17.
2
Calculate the remainder when 6368 is divided by 1060.
8
Calculate the remainder when 4133 is divided by 1776.
581
What is the remainder when 4518 is divided by 226?
224
What is the remainder when 52180 is divided by 11?
7
What is the remainder when 12798 is divided by 83?
16
Calculate the remainder when 3965 is divided by 205.
70
What is the remainder when 26193 is divided by 13?
11
What is the remainder when 33912 is divided by 3390?
12
Calculate the remainder when 28830 is divided by 89.
83
Calculate the remainder when 16293 is di